{"id":332,"date":"2025-07-04T04:24:49","date_gmt":"2025-07-04T04:24:49","guid":{"rendered":"https:\/\/echoesoffloyd.com\/?page_id=332"},"modified":"2025-10-24T03:45:40","modified_gmt":"2025-10-24T03:45:40","slug":"accueil","status":"publish","type":"page","link":"https:\/\/echoesoffloyd.com\/","title":{"rendered":"Accueil"},"content":{"rendered":"\n<p class=\"has-text-align-center\"><strong>Echoes of Floyd <\/strong>est d\u00e9di\u00e9 au groupe l\u00e9gendaire Pink Floyd<\/p>\n\n\n\n<p><br>ECHOES OF FLOYD rassemble des musiciens d\u2019horizons vari\u00e9s qui se sont retrouv\u00e9s autour d\u2019une passion commune : faire revivre sur sc\u00e8ne l\u2019\u0153uvre d\u2019un grand groupe mythique&nbsp;<strong>PINK FLOYD<\/strong>.<\/p>\n\n\n\n<figure class=\"wp-block-image size-large\"><img loading=\"lazy\" decoding=\"async\" width=\"1024\" height=\"683\" src=\"https:\/\/echoesoffloyd.com\/wp-content\/uploads\/2025\/10\/558207028_24671096689227434_4758830478013686278_n-1024x683.jpg\" alt=\"\" class=\"wp-image-386\" srcset=\"https:\/\/echoesoffloyd.com\/wp-content\/uploads\/2025\/10\/558207028_24671096689227434_4758830478013686278_n-1024x683.jpg 1024w, https:\/\/echoesoffloyd.com\/wp-content\/uploads\/2025\/10\/558207028_24671096689227434_4758830478013686278_n-300x200.jpg 300w, https:\/\/echoesoffloyd.com\/wp-content\/uploads\/2025\/10\/558207028_24671096689227434_4758830478013686278_n-768x512.jpg 768w, https:\/\/echoesoffloyd.com\/wp-content\/uploads\/2025\/10\/558207028_24671096689227434_4758830478013686278_n-1536x1024.jpg 1536w, https:\/\/echoesoffloyd.com\/wp-content\/uploads\/2025\/10\/558207028_24671096689227434_4758830478013686278_n-360x240.jpg 360w, https:\/\/echoesoffloyd.com\/wp-content\/uploads\/2025\/10\/558207028_24671096689227434_4758830478013686278_n.jpg 2048w\" sizes=\"auto, (max-width: 1024px) 100vw, 1024px\" \/><\/figure>\n\n\n\n<p><br>Son ambition est de restituer le plus fid\u00e8lement possible, tout en restant cr\u00e9atif, l\u2019ambiance et la qualit\u00e9 des concerts de PINK FLOYD\u00a9.<\/p>\n\n\n\n<p><\/p>\n","protected":false},"excerpt":{"rendered":"<p>Echoes of Floyd est d\u00e9di\u00e9 au groupe l\u00e9gendaire Pink Floyd ECHOES OF FLOYD rassemble des musiciens d\u2019horizons vari\u00e9s qui se sont retrouv\u00e9s autour d\u2019une passion commune : faire revivre sur sc\u00e8ne l\u2019\u0153uvre d\u2019un grand groupe mythique&nbsp;PINK FLOYD. Son ambition est de restituer le plus fid\u00e8lement possible, tout en restant cr\u00e9atif, [&hellip;]<\/p>\n","protected":false},"author":1,"featured_media":174,"parent":0,"menu_order":0,"comment_status":"closed","ping_status":"closed","template":"","meta":{"footnotes":""},"class_list":["post-332","page","type-page","status-publish","has-post-thumbnail","hentry"],"_links":{"self":[{"href":"https:\/\/echoesoffloyd.com\/index.php\/wp-json\/wp\/v2\/pages\/332","targetHints":{"allow":["GET"]}}],"collection":[{"href":"https:\/\/echoesoffloyd.com\/index.php\/wp-json\/wp\/v2\/pages"}],"about":[{"href":"https:\/\/echoesoffloyd.com\/index.php\/wp-json\/wp\/v2\/types\/page"}],"author":[{"embeddable":true,"href":"https:\/\/echoesoffloyd.com\/index.php\/wp-json\/wp\/v2\/users\/1"}],"replies":[{"embeddable":true,"href":"https:\/\/echoesoffloyd.com\/index.php\/wp-json\/wp\/v2\/comments?post=332"}],"version-history":[{"count":5,"href":"https:\/\/echoesoffloyd.com\/index.php\/wp-json\/wp\/v2\/pages\/332\/revisions"}],"predecessor-version":[{"id":387,"href":"https:\/\/echoesoffloyd.com\/index.php\/wp-json\/wp\/v2\/pages\/332\/revisions\/387"}],"wp:featuredmedia":[{"embeddable":true,"href":"https:\/\/echoesoffloyd.com\/index.php\/wp-json\/wp\/v2\/media\/174"}],"wp:attachment":[{"href":"https:\/\/echoesoffloyd.com\/index.php\/wp-json\/wp\/v2\/media?parent=332"}],"curies":[{"name":"wp","href":"https:\/\/api.w.org\/{rel}","templated":true}]}}