{"id":49,"date":"2025-07-03T07:03:57","date_gmt":"2025-07-03T07:03:57","guid":{"rendered":"https:\/\/echoesoffloyd.com\/?page_id=49"},"modified":"2025-10-24T03:47:29","modified_gmt":"2025-10-24T03:47:29","slug":"le-groupe","status":"publish","type":"page","link":"https:\/\/echoesoffloyd.com\/index.php\/le-groupe\/","title":{"rendered":"Le groupe"},"content":{"rendered":"\n<h1 class=\"wp-block-heading\">Qui sommes-nous ?<\/h1>\n\n\n\n<p>ECHOES OF FLOYD est un groupe de musiciens d\u2019horizons vari\u00e9s qui se retrouvent autour d\u2019une passion commune : faire revivre sur sc\u00e8ne l\u2019oeuvre de l\u2019un des plus grands groupes du monde, PINK FLOYD.<\/p>\n\n\n<div class=\"wp-block-image\">\n<figure class=\"aligncenter size-full is-resized\"><img loading=\"lazy\" decoding=\"async\" width=\"690\" height=\"576\" src=\"https:\/\/echoesoffloyd.com\/wp-content\/uploads\/2025\/07\/image10.png\" alt=\"\" class=\"wp-image-50\" style=\"width:865px;height:auto\" srcset=\"https:\/\/echoesoffloyd.com\/wp-content\/uploads\/2025\/07\/image10.png 690w, https:\/\/echoesoffloyd.com\/wp-content\/uploads\/2025\/07\/image10-300x250.png 300w\" sizes=\"auto, (max-width: 690px) 100vw, 690px\" \/><\/figure>\n<\/div>\n\n\n<p>Le projet na\u00eet de l\u2019imagination d&rsquo;\u00c9ric AGUILLON, batteur v\u00e9t\u00e9ran de la sc\u00e8ne tourangelle, qui r\u00e9unit tr\u00e8s rapidement d\u2019anciens compagnons d\u2019armes : Fabienne LE QU\u00c9R\u00c9 (voix), Jean-Luc PADIOLLEAU (basse) et Fr\u00e9d\u00e9ric BRICHE (guitares) pour monter la structure du groupe.<\/p>\n\n\n\n<p>Il recrute ensuite d&rsquo;autres musiciens pour compl\u00e9ter l\u2019\u00e9quipe : Phil COLAS (Claviers), Fabrice FRANCOIS (saxophone), Marie NICOLAS (voix), Ga\u00eblle MARCHAND (voix) et Max GOOR (voix principale).<\/p>\n\n\n\n<p>La troupe est compl\u00e9t\u00e9e par un ing\u00e9nieur du son, Christophe MAURY et un ing\u00e9nieur lumi\u00e8re, Jean-Yves ROULAND.<\/p>\n\n\n\n<p><\/p>\n\n\n\n<figure class=\"wp-block-image size-large\"><img loading=\"lazy\" decoding=\"async\" width=\"1024\" height=\"683\" src=\"https:\/\/echoesoffloyd.com\/wp-content\/uploads\/2025\/10\/558851419_24673897195614050_8383034335315850648_n-1024x683.jpg\" alt=\"\" class=\"wp-image-388\" srcset=\"https:\/\/echoesoffloyd.com\/wp-content\/uploads\/2025\/10\/558851419_24673897195614050_8383034335315850648_n-1024x683.jpg 1024w, https:\/\/echoesoffloyd.com\/wp-content\/uploads\/2025\/10\/558851419_24673897195614050_8383034335315850648_n-300x200.jpg 300w, https:\/\/echoesoffloyd.com\/wp-content\/uploads\/2025\/10\/558851419_24673897195614050_8383034335315850648_n-768x512.jpg 768w, https:\/\/echoesoffloyd.com\/wp-content\/uploads\/2025\/10\/558851419_24673897195614050_8383034335315850648_n-1536x1024.jpg 1536w, https:\/\/echoesoffloyd.com\/wp-content\/uploads\/2025\/10\/558851419_24673897195614050_8383034335315850648_n-360x240.jpg 360w, https:\/\/echoesoffloyd.com\/wp-content\/uploads\/2025\/10\/558851419_24673897195614050_8383034335315850648_n.jpg 2048w\" sizes=\"auto, (max-width: 1024px) 100vw, 1024px\" \/><\/figure>\n","protected":false},"excerpt":{"rendered":"<p>Qui sommes-nous ? ECHOES OF FLOYD est un groupe de musiciens d\u2019horizons vari\u00e9s qui se retrouvent autour d\u2019une passion commune : faire revivre sur sc\u00e8ne l\u2019oeuvre de l\u2019un des plus grands groupes du monde, PINK FLOYD. Le projet na\u00eet de l\u2019imagination d&rsquo;\u00c9ric AGUILLON, batteur v\u00e9t\u00e9ran de la sc\u00e8ne tourangelle, qui [&hellip;]<\/p>\n","protected":false},"author":1,"featured_media":0,"parent":0,"menu_order":0,"comment_status":"closed","ping_status":"closed","template":"","meta":{"footnotes":""},"class_list":["post-49","page","type-page","status-publish","hentry"],"_links":{"self":[{"href":"https:\/\/echoesoffloyd.com\/index.php\/wp-json\/wp\/v2\/pages\/49","targetHints":{"allow":["GET"]}}],"collection":[{"href":"https:\/\/echoesoffloyd.com\/index.php\/wp-json\/wp\/v2\/pages"}],"about":[{"href":"https:\/\/echoesoffloyd.com\/index.php\/wp-json\/wp\/v2\/types\/page"}],"author":[{"embeddable":true,"href":"https:\/\/echoesoffloyd.com\/index.php\/wp-json\/wp\/v2\/users\/1"}],"replies":[{"embeddable":true,"href":"https:\/\/echoesoffloyd.com\/index.php\/wp-json\/wp\/v2\/comments?post=49"}],"version-history":[{"count":3,"href":"https:\/\/echoesoffloyd.com\/index.php\/wp-json\/wp\/v2\/pages\/49\/revisions"}],"predecessor-version":[{"id":390,"href":"https:\/\/echoesoffloyd.com\/index.php\/wp-json\/wp\/v2\/pages\/49\/revisions\/390"}],"wp:attachment":[{"href":"https:\/\/echoesoffloyd.com\/index.php\/wp-json\/wp\/v2\/media?parent=49"}],"curies":[{"name":"wp","href":"https:\/\/api.w.org\/{rel}","templated":true}]}}